 = 0, k*r - 3*z - 86 = 0. What is the remainder when 206 is divided by r?
22
Let x = 5432 + -5168. What is the remainder when x is divided by 112?
40
Let a(g) = -7*g**2 - 18*g + 22. Let l be a(-10). Let f = l + 515. What is the remainder when 59 is divided by f?
8
Let h = -565 + 643. What is the remainder when 105 is divided by h?
27
Suppose -l = 4*t + 1, -4*l = -5*t - 7*l + 4. Calculate the remainder when 133 - 1 - (2 + t + 2) is divided by 26.
25
Calculate the remainder when 11 + (-4952)/(-28) + (-4)/(-28) is divided by 48.
44
Let r(b) be the first derivative of -3*b**2/2 + 10*b - 57. What is the remainder when -1 + (234/2)/3 is divided by r(-4)?
16
Let i be ((-330)/44)/(1/6). What is the remainder when 519*((-15)/i)/((-2)/(-4)) is divided by 12?
10
Let g(z) = -10*z + 19. Calculate the remainder when g(-17) is divided by (51/4)/(116/16 - 7).
36
Suppose 5*t = -20, -3*z + 2 = 3*t - 1. Calculate the remainder when 149 is divided by 17 + z + -4 + 1.
16
Let o(k) = 28 - 28 + k. Let y(d) = d**2 - 8*d + 5. Let b(j) = -2*o(j) - y(j). What is the remainder when 6 is divided by b(2)?
0
Let y = 0 - -148. Suppose -138*o + 7774 = -161*o. Let t = -308 - o. Calculate the remainder when y is divided by t.
28
Let i(j) = -j**2 + 61*j + 53. What is the remainder when 268 is divided by i(61)?
3
Let m = 7 - -6. Let u = -32198 - -32403. What is the remainder when u is divided by m?
10
Let o = 19204 + -19107. What is the remainder when 313 is divided by o?
22
Let w(c) = 2*c**2 - 9*c - 16. Let y be w(8). Suppose -8 = 8*s - y. Calculate the remainder when 89 is divided by s.
1
Suppose -1137 = -0*n - 4*n + t, -3*n + 873 = 6*t. What is the remainder when n is divided by 110?
65
Let z(o) be the second derivative of 7*o**3/2 + 20*o**2 - 157*o. Suppose -6*l = -2*l - 220. What is the remainder when l is divided by z(-1)?
17
Let b = -259 - -806. Let d = b - 460. What is the remainder when d is divided by 46?
41
Let u = 3675 + -3605. What is the remainder when 279 is divided by u?
69
Let a(s) = -14*s - 368. Let f(j) = 13*j - 66. Let h be f(3). Calculate the remainder when a(h) is divided by 3.
1
Suppose 71*d + 3*a = 75*d - 35054, -5*d + 3*a + 43816 = 0. Calculate the remainder when d is divided by 127.
126
Let u(x) be the first derivative of -x**4/4 - 2*x**3/3 + 3*x**2 + 16*x + 167. Calculate the remainder when 70 is divided by u(-4).
22
Let x(a) = -2*a**3 - 14*a**2 + 32*a + 53. Calculate the remainder when x(-9) is divided by 26.
11
Suppose -30 = 27*r - 111. Let h be (-3 - -2)/(2/(-8)). Calculate the remainder when 55/h - 5/(-20) is divided by r.
2
Suppose -2*g = -3*s, -g + 11 = 5*s - 15. Calculate the remainder when -4 - (-27 + 6) - -268 is divided by g.
3
Suppose -c - c = k - 8, 3*c - 12 = 3*k. Suppose -v = -3*v + c. What is the remainder when 17 is divided by (3*v/(-3))/((-14)/84)?
5
Suppose -6*a + 24 = -0. Suppose -a*t - 3*b = -236, -b + 59 = t - 0*b. What is the remainder when t is divided by 21?
17
Let z = 1616 - 1592. Calculate the remainder when 1173 is divided by z.
21
Let b = -53 + 108. Suppose y + b = 12*y. Suppose t - 60 = -4*m + y*t, 4*t + 4 = 0. Calculate the remainder when 39 is divided by m.
11
Let m(a) be the second derivative of a**4/4 + 7*a**3/2 + a**2 + 9*a - 3. What is the remainder when 28 is divided by m(-7)?
0
Let r = 11033 - 11017. Calculate the remainder when 2765 is divided by r.
13
Let s = 6 + -8. Let z be (1/(-2) + (-6 - -4))*s. Suppose -z*t - 2*j = -148, t + t = 5*j + 65. What is the remainder when t is divided by 17?
13
Let u = 50 - 24. Let c be (-2 - (-6)/4)*0. What is the remainder when 90 is divided by u/1 + 5 + c?
28
Suppose 4*a + a + 230 = 0. Let p = a + 50. Suppose -4*h - 5*d + 159 = -49, -p*h + 4*d = -208. Calculate the remainder when h is divided by 27.
25
Let s(t) = -48*t + 112. What is the remainder when 323 is divided by s(-1)?
3
Suppose -5*t = 4*u - 103 - 235, -362 = -5*t + 4*u. Let i = -68 + t. Suppose 21 = 2*s - k, 7*s - i*s = -3*k + 58. Calculate the remainder when s is divided by 9.
2
Let s = -53 + 1196. What is the remainder when s is divided by 22?
21
Let x(y) = y**3 + 6*y**2 - y + 8. Let g = -159 + 155. What is the remainder when x(g) is divided by 16?
12
Let f(t) = -448*t**3 + 42*t**2 + 95*t - 12. What is the remainder when f(-3) is divided by 60?
57
Suppose -5*n + 5*s = 85, -2*n + 94 = -7*n - 4*s. What is the remainder when 60 is divided by (-5)/(495/n) + (-350)/(-11)?
28
What is the remainder when 3023 is divided by 1/(((-112)/10493)/(-16))?
25
Suppose 0 = -5*i + 2*s + 1065, 306*s = -2*i + 310*s + 442. Calculate the remainder when i is divided by 56.
43
Let u(l) = -l - 45. Let j be u(-15). Let i be (-12)/j + (-327)/5. Let g = 112 + i. Calculate the remainder when g is divided by 12.
11
Calculate the remainder when (-13)/4 + (-18)/(720/(-52730)) is divided by 6.
1
Let f(y) = -159*y - 4090. Suppose -5*s + 119 = 3*a, -5*s = -2*a - 0*a + 71. Let c = a - 26. Calculate the remainder when f(-26) is divided by c.
8
Let b = 7 - -2. Let v be 1/(84/(-558) - 2/(-12)). Suppose 3*s = 2*i + 138, s - 3*i = v - 9. Calculate the remainder when s is divided by b.
8
Let t(l) = -14*l**3 - l + 13*l**3 - 7 + 3 + 2*l**2 - 4*l**2. Let k = 6 - 9. Calculate the remainder when 20 is divided by t(k).
4
Suppose 15*p + 8*p - 902 - 1444 = 0. What is the remainder when 232 is divided by p?
28
Let j be ((-502)/3)/((-8)/48). Suppose -34*q - j = -5016. Let f = 65 - 33. What is the remainder when q is divided by f?
22
Let u = -1638 - -1650. What is the remainder when 169 is divided by u?
1
Let c = -5120 - -5151. Calculate the remainder when 926 is divided by c.
27
Let k = 49 - 20. Let q = -6 + 17. Suppose -7*c + q*c = 32. Calculate the remainder when k is divided by c.
5
Suppose -192*p - 5*o = -187*p - 5705, -5*p = -3*o - 5753. What is the remainder when p is divided by 379?
10
Let x = -5268 + 5356. What is the remainder when 1495 is divided by x?
87
Let p be 30*(54/(-405) + 2/(-10)). Let r(l) = -134*l**3 - 2*l**2 + 1. Calculate the remainder when r(-1) is divided by (-14)/p - 489/(-15).
31
Calculate the remainder when 1640 - -2 - (9 - 6 - 6) is divided by 33.
28
Suppose -9 = 9*f - 63. Let x(n) = 0 - n**2 - 15*n - 1 + 5*n. Calculate the remainder when x(-6) is divided by f.
5
Suppose -6*v + 21 = -4*v + 3*i, -5*v - 2*i = -58. Calculate the remainder when (15 - -9)/v*314/4 is divided by 32.
29
Let c(a) = -438*a + 240. Calculate the remainder when c(-1) is divided by 186.
120
Let c(r) = -r + 36. Let a be c(0). Suppose -5*f - 3*q = -49, 0*q - 4*q = 4*f - a. Calculate the remainder when f is divided by 5/(-4 - (-1 - 69/18)).
5
Calculate the remainder when 1544 is divided by ((-64)/224)/(2/(-476)) + 3 + -9.
56
Suppose -2332 = -35*u + 8*u + 4877. What is the remainder when 537 is divided by u?
3
Calculate the remainder when 55/330 - ((-449)/6 + 3) is divided by 16/20 + 63/15.
2
Let t(k) = -11*k - 127. Let d be t(-10). Calculate the remainder when 98 is divided by d/(85/(-30)) - -8.
0
Calculate the remainder when 1745 is divided by ((-4)/7 + (-2097)/189)*42/(-35).
9
What is the remainder when ((-494703)/(-152))/9 - 6/(-16) is divided by 124?
114
Suppose -6*y = -9*y - x + 528, -5*x = 5*y - 900. What is the remainder when 693 is divided by y?
171
Suppose 0*y + 41 = y. Suppose 1231 = 5*j + 2580*h - 2578*h, -4*h + 257 = j. Calculate the remainder when j is divided by y.
40
Let a be (6/4)/(12/(-16)). What is the remainder when (9/6 + a)*-22 is divided by 10?
1
Suppose -o = w - 8, 4*o = 11*w - 14*w + 22. Suppose -25 = -2*m - 3*m. Suppose 3*q - 12 = -5*p + m, -p = -4*q - 8. What is the remainder when w is divided by p?
2
Let h = -19170 - -19197. Let f be 6/(-9)*(-18)/4. Suppose -2*c - 2*j = j - 220, -434 = -4*c - f*j. What is the remainder when c is divided by h?
26
Suppose 21*o - 4061 - 4738 = 0. Suppose 31*j + o = 32*j - 2*m, -5*m - 1261 = -3*j. Calculate the remainder when j is divided by 39.
37
What is the remainder when 601386/452 + (0 + 1)/2 is divided by 24?
11
Let r be -4*(5 - 3582/(-24)) - -2. Let j = r - -892. Calculate the remainder when j is divided by 72.
61
Let f be 6/(-72)*-8*(-138)/4. Calculate the remainder when 172 is divided by (0 + 1/(-2))/(f/2668).
56
Calculate the remainder when 72 is divided by 236/(-413) + (-1)/7*-291.
31
Suppose 22*w - 1292 = 